b. Determine v(-2).
9
Let u(n) = 3*n**2 - 3*n + 3. Suppose 133*l = 139*l - 456. Let c be (0 + (-3)/2)/((-38)/l). Calculate u(c).
21
Let k(x) = 294*x + 287*x + 50 - 869*x + 289*x. Calculate k(0).
50
Let b = -8733 + 8733. Let l(v) = -v**2 + 2*v + 10. What is l(b)?
10
Let q(h) = -119 + 128 - 2*h**2 - 22*h + h**2 - 8*h + 12*h. Determine q(-19).
-10
Let o(y) = -7*y - 27. Let t(f) = -18*f - 97. Let n(u) = 7*o(u) - 2*t(u). Give n(6).
-73
Let q(h) = h**2 - h + 2. Let f(d) = -13*d**2 + 4*d - 9. Let w(c) = -c**3 + 16*c**2 - c + 21. Let u be w(16). Let z(a) = u*q(a) + f(a). Calculate z(1).
-8
Let l(c) = 2*c - 10. Let r be l(4). Let d be 3/r*36/(-27). Let i(u) = 4*u**2 + 2*u. Determine i(d).
20
Let y(m) = -17*m**2 + 61*m + 45. Let w(g) = 104*g**2 - 52*g**2 - 3 - 12*g - 49*g**2 - 6. Let i(p) = -11*w(p) - 2*y(p). Calculate i(-7).
-12
Let j(f) = -f**2 + 8*f - 6. Let m be 60/8*(-2)/10*-8. Suppose -m*u - 5 = -13*u. Calculate j(u).
9
Suppose -4*q + 2*t = -0*q + 30, 5*t + 25 = 0. Let k be 165/q*(-8)/6. Let c = -23 + k. Let o(y) = 8*y**3 - 1. Give o(c).
-9
Let r(v) = -v**2 + 9*v + 6. Suppose 0 = 32*n - 12*n - 1260. Suppose 16*g = 9*g + n. What is r(g)?
6
Let q(c) = -2*c**3 + c**2 + 3*c - 1. Suppose 9*w - 22*w + 39 = 0. Suppose 5*z - 4 = 3*l, z = w*l - 5 + 1. Calculate q(l).
-7
Let j(i) = i**2 - 24*i - 91. Suppose -547*l + 550*l = 2*p - 72, -4*l - 51 = -p. Give j(p).
-10
Let z(h) = h + 65717 - 131438 + 65716. Suppose -23 = -2*n - 5. Calculate z(n).
4
Let a(t) be the first derivative of -2*t**3/3 + 9*t**2/2 + 38*t - 95. Determine a(7).
3
Let y(u) be the first derivative of -u**2/2 + 4*u - 5073. Calculate y(14).
-10
Let k(t) be the first derivative of -t**3/3 - 37*t**2/2 - 2*t + 1510. What is k(-37)?
-2
Let g(s) = -s - 4*s**2 + 3*s**2 + 0*s**2 + 7. Suppose -24 = 4*q - 84*v + 83*v, -q + 11 = 4*v. What is g(q)?
-13
Let s(z) be the first derivative of -11*z + 0*z - z**2 - 80 - 3*z + z. Let d = -23 - -13. Give s(d).
7
Let g(n) = 5*n - 49. Suppose l - 5*y = -21, -51 = -5*l - 11*y + 10*y. What is g(l)?
-4
Suppose -2*m = -48 + 52, -53 = 5*o + 4*m. Let s(q) be the first derivative of q**3/3 + 9*q**2/2 + 9*q + 2. Calculate s(o).
9
Let r(d) = -d**2 + 2*d - 1. Let z(l) = l**3 + 16*l**2 + 29*l + 12. Let p be z(-14). Let k be (-33)/11 - (p + -2). Calculate r(k).
0
Let a(v) = v**2 - 4*v - 1103. Let b be a(-31). Let l(m) = m**3 + 17*m**2 - 18*m - 1. Determine l(b).
-1
Suppose -5*m + 24 = -744*d + 743*d, 3*d - 12 = m. Let u(c) = -c**3 + 7*c**2 - 9*c + 3. Give u(m).
-15
Let c(s) = -s - 17. Let y be 6 - (819/14)/13*8/3. Give c(y).
-11
Let c(t) = -28*t - 11. Let b(h) = -22*h - 9. Let q(i) = -7*b(i) + 6*c(i). Calculate q(-1).
11
Let n = -1096824 + 1096826. Let m(a) be the second derivative of a**5/10 - a**4/6 + a**3/2 - a. Give m(n).
14
Let r(l) = -l**2 - 5*l + 8. Suppose -3*w - 7 = -1. Let m be 5 - -13 - w/(6/(-9)). Suppose 5*s - x = -33, s + 5*x + m = x. Give r(s).
-6
Let l(k) be the first derivative of -7*k**2/2 + 5*k - 101. Give l(-6).
47
Let k(z) be the third derivative of 69*z**2 - 1/2*z**3 + 0 - 5/12*z**4 - 1/60*z**5 + 0*z. What is k(-9)?
6
Let m(j) = j + 18. Let n be m(-16). Let v be n/(6/27 - (-20)/(-9)). Let g(d) = 2*d**2 - d - 1. Determine g(v).
2
Let n(o) be the second derivative of o**5/20 - 11*o**4/6 + 19*o**3/3 + 33*o**2/2 - 2232*o. Give n(20).
-7
Let x(y) = -y**2 + y + 1. Let u(m) be the second derivative of 5*m**4/12 + m**3/6 + m**2 - 34*m. Let c(r) = -u(r) + 2*x(r). Give c(-2).
-30
Let o(w) = -7*w**2 + 8*w - 49. Let p(j) = 10*j**2 - 4*j + 49. Let h(l) = 3*o(l) + 2*p(l). Determine h(9).
14
Suppose -199 = -27*g - 334. Let l(m) = -m**3 - 7*m**2 - 3*m - 10. What is l(g)?
-45
Let t(q) = -3*q**2 - q + 3. Let u(k) = -k**2 - 23*k - 50. Let w be u(-3). Suppose 5*v - 10 = w*v. Determine t(v).
-7
Let q(n) = 15*n**3 + n**2 + 7819 + 2*n - 3924 + 19*n**3 - 3894. What is q(-1)?
-34
Let m(a) = -a**2 - 8*a - 6. Let c be ((-4)/(-8))/((-2)/(-24)). Let g(n) = -c - 6 - 1 - 2*n**2 - 17*n - 1. Let k(d) = 2*g(d) - 5*m(d). Give k(-7).
9
Let f(o) = 3*o - 58. Suppose 51*q + 3288 = -360*q. Give f(q).
-82
Let l(d) = 3*d**3 - d**2 + d + 1. Let t(s) = -s. Let z(o) = -o**2 + 2*o + 5. Let u(c) = -2*t(c) - z(c). Let j be u(-2). Calculate l(j).
-4
Let i(t) = -7*t**2 - 380*t**3 + 13*t - 16 + 379*t**3 + 28. Give i(-7).
-79
Let w(i) = 22*i**3 + 2*i**2 + i. Let m = 39 + 163. Let j = m + -203. Give w(j).
-21
Let s(a) = a**3 - 3*a**2 - 2*a - 4. Let y(l) = -l**2 - l - 1. Let c(k) = -s(k) + 5*y(k). Suppose 2 = w + 4. Give c(w).
5
Let x = 14198 + -14200. Let t(w) = -10*w**3 - 2*w**2 - 3*w - 2. Calculate t(x).
76
Let x(i) = -2*i - 3. Let n be x(-2). Let q(m) = 212 + 127*m**2 - 631 + 121*m**2 + 207 + 213 + 17*m**3 - 250*m**2. Determine q(n).
16
Let r(w) be the second derivative of -w**5/20 - w**4/2 - w**3 - w**2/2 + 2*w - 169. Give r(-4).
-9
Let s(m) = 3*m**2 - 7*m - 10. Let r = -555 + 559. Calculate s(r).
10
Suppose 0 = -2*o + 8*o - 654. Let k(c) = c**3 + o - 5*c**2 - 5*c - 318 + 98 + 100. What is k(6)?
-5
Let m(z) = 3 - 4 + 6*z**2 + 0 + z. Suppose -6*h + 7*h = 2. Suppose -3*k + h*d - 1 = 0, -6*k - 5*d + 13 = -3*k. Give m(k).
6
Let d(k) = 5*k + k - 38 + 8*k - 2*k + 26 + 4*k**2. Give d(1).
4
Let j be 5/2 + 893/(-94). Let a = 11 + j. Let g(y) = y**3 - 3*y**2 - y + 1. Determine g(a).
13
Suppose -3*v = -h - 3 - 2, 3*v - 9 = 3*h. Let s be (-9)/(-6)*(-2)/(-12)*8. Let r(g) = -22*g**2 - 28*g**2 - 3*g - s + 54*g**2. Calculate r(h).
20
Let w(u) = -2*u**2 - 2*u - 41. Suppose 464 = -160*i + 464. Give w(i).
-41
Let f(z) be the third derivative of -z**7/56 - 25*z**3/3 - 34*z**2. Let g(c) be the first derivative of f(c). What is g(1)?
-15
Suppose 186 - 1712 = -54*c + 272*c. Let z(p) = -p**3 - 7*p**2 + 15*p + 27. Calculate z(c).
-78
Let v(h) be the second derivative of h**4/12 - h**3/6 + 5*h. Suppose 11*b = 15*b - 2*x - 1242, 3*b - x - 932 = 0. Let p = b - 311. Determine v(p).
0
Suppose -53 = -4*f + 55. Let i = -24 + f. Suppose -d + 2 = j - 2*j, -4*d + 15 = i*j. Let h(o) = -o - 4. Determine h(d).
-7
Let k(f) be the second derivative of -f**4/24 - 2*f**3/3 - 123*f**2/2 - 42*f + 1. Let d(h) be the first derivative of k(h). Give d(-7).
3
Let g(a) = 3*a + 5. Let m(l) = l - 6. Let q be m(9). Suppose -9 = q*v + 12. Let r be 0 + ((-26)/v - 18/(-63)). What is g(r)?
17
Let a(u) = 5*u**3 + 29*u**2 + 86*u + 47. Let h(j) = -j**3 - 6*j**2 - 17*j - 9. Let v(f) = 2*a(f) + 11*h(f). What is v(-4)?
-9
Let f(b) = 15*b + 2635*b**2 - 5174*b**2 + 43 + 2540*b**2. What is f(-14)?
29
Suppose 2*y + 36 = -187*x + 191*x, -y - 4*x = -18. Let w(l) = 2*l**3 + 13*l**2 + 2*l + 4. What is w(y)?
28
Suppose -5*t + 5*o + 25 = 0, -2*t + 4 - 3 = o. Let q(r) = 2*r**2 - 391*r**3 + 392*r**3 + 4*r**t. Give q(-6).
0
Let s(q) = 2*q**2 - 108*q + 86. Let j be s(53). Let z(y) = -2*y - 41. Determine z(j).
-1
Let v(o) = o**3 + 6*o**2 + 6*o - 4. Let k(h) = -13*h - 473. Let s(w) = 21*w - 246. Let y be s(10). Let f be k(y). Give v(f).
-9
Let t(x) = -x**3 - 8*x**2 + 2. Let h(j) = -5*j + 2. Let c be h(2). Let s be t(c). Let b(r) = 0*r**2 - r + 2*r + 4*r**s - r**2. Give b(-1).
2
Let b(c) = -c**3 + 11*c**2 - 21*c + 114. Let o be b(10). Suppose -161*w - o = -159*w. Let p(a) = 2*a - 2. Determine p(w).
-6
Let l(w) = -w**2 - 9*w + 16. Let s be ((-220)/440)/(1/22). What is l(s)?
-6
Let d(j) be the third derivative of j**4/24 - 5*j**3/6 + 453*j**2. Give d(15).
10
Let l(z) = -3*z**2 - 43*z - 8. Suppose 322 = -35*q + 12*q. Let v be l(q). Let b(m) = 4*m - 2. What is b(v)?
22
Let b(f) = 206*f + 65. Let z(j) = 577*j + 194. Let c(d) = 14*b(d) - 5*z(d). Give c(0).
-60
Let s(k) = -28*k**3 + 98*k**2 + 107*k**2 - 188*k**2 + 2*k + 29*k**3. Calculate s(-17).
-34
Let r(c) = -c**3 - 3*c**2 + 7*c + 3. Let s(l) = -6*l**2 - 51*l - 16. Let t be s(-8). Let g(y) = -20*y + 155. Let o be g(t). Determine r(o).
18
Let g(o) be the second derivative of o**4/12 + o**3/6 + 539*o. Suppose -2*f + f - 4*p + 14 = 0, -2*p + 42 = 3*f. Suppose -4 = d + w + w, 4*w + f = d. Give g(d).
6
Suppose 24 = -7*p + 15*p. Let w(h) = 3 - p + 111*h + 2 - 112*h. What is w(9)?
-7
Let f(o) = 9*o + 72. Let a be f(-8). Suppose 10*c + 8 + 32 = a. Let r(q) = -2*q - 1. Give r(c).
7
Let k(h) = -13 - 9 - 6 + 25 + 14*h. Let i(a) = -39*a + 7. Let c(d) = -118*d + 22. Let v(o) = -4*c(o) + 11*i(o). Let l(f) = -7*k(f) + 2*v(f). Calculate l(-1).
11
